f 109611452?
True
Is 1107017832 a multiple of 17?
True
Does 352 divide 1350390976?
True
Is 87164572 a multiple of 11?
True
Is 925078119 a multiple of 73?
True
Does 964 divide 20332355?
False
Does 1544 divide 190800952?
False
Does 69 divide 373305677?
False
Is 11 a factor of 140607569?
False
Does 110 divide 975603530?
True
Does 145 divide 7703850?
True
Does 15 divide 305514687?
False
Is 2766908323 a multiple of 1863?
False
Does 15 divide 168921480?
True
Is 11 a factor of 16729581?
True
Does 358 divide 149328631?
False
Is 38 a factor of 240785459?
False
Is 110 a factor of 577054764?
False
Does 140 divide 1807982680?
True
Is 22393489 a multiple of 108?
False
Is 131489742 a multiple of 2514?
True
Does 6310 divide 150670728?
False
Is 640 a factor of 138636800?
True
Is 200506432 a multiple of 833?
True
Does 1102 divide 40701268?
True
Is 7198097 a multiple of 4?
False
Is 398099668 a multiple of 7?
False
Is 44693371 a multiple of 11?
False
Is 62 a factor of 31696322?
True
Is 10 a factor of 7700580?
True
Is 441632060 a multiple of 20?
True
Is 111360 a multiple of 39?
False
Is 7914819 a multiple of 10?
False
Is 126991906 a multiple of 15?
False
Does 113 divide 66250797?
False
Does 74 divide 116375508?
True
Is 70715858 a multiple of 142?
True
Does 32 divide 12832192?
True
Is 168 a factor of 69244392?
True
Is 1781046720 a multiple of 8?
True
Does 6 divide 29008732?
False
Does 1041 divide 642312615?
True
Is 5952732 a multiple of 312?
False
Is 976025086 a multiple of 263?
True
Is 3872706 a multiple of 94?
True
Does 14 divide 468676221?
False
Is 16 a factor of 4691586?
False
Does 29 divide 6329585?
False
Is 190349335 a multiple of 2211?
False
Is 17 a factor of 43636705?
True
Is 98264446 a multiple of 13?
False
Is 746176737 a multiple of 229?
False
Is 86024675 a multiple of 275?
True
Is 451049144 a multiple of 2796?
False
Is 895981296 a multiple of 3592?
True
Is 1753175 a multiple of 11?
False
Is 3132752616 a multiple of 124?
True
Does 38 divide 213134210?
True
Does 4 divide 129733808?
True
Does 803 divide 164526670?
True
Does 9 divide 15083503?
False
Is 12679178 a multiple of 34?
True
Is 281083918 a multiple of 446?
True
Is 376142121 a multiple of 59?
False
Is 3016 a factor of 202925388?
False
Does 32 divide 4041196?
False
Is 2770 a factor of 764533850?
True
Is 4 a factor of 301636?
True
Is 16 a factor of 31229321?
False
Is 3 a factor of 94677779?
False
Is 11 a factor of 9847442?
True
Is 803 a factor of 82182514?
False
Is 88136970 a multiple of 107?
True
Does 65 divide 11338376?
False
Does 5 divide 2149395430?
True
Does 63 divide 25542216?
True
Is 191739308 a multiple of 29?
False
Is 16 a factor of 1825082693?
False
Is 6082998 a multiple of 2?
True
Is 1394 a factor of 890676784?
True
Does 279 divide 65835909?
True
Is 246769929 a multiple of 1521?
False
Is 38509616 a multiple of 28?
False
Does 5105 divide 384619881?
False
Does 3854 divide 2578804730?
False
Is 233 a factor of 24466165?
True
Does 204 divide 56232600?
True
Is 32 a factor of 8758670?
False
Is 41047074 a multiple of 282?
True
Does 11 divide 1351636632?
False
Is 13 a factor of 57205035?
False
Is 427 a factor of 167414080?
False
Is 6 a factor of 8031257?
False
Is 266 a factor of 81855914?
True
Does 120 divide 1624320?
True
Is 101943362 a multiple of 367?
False
Is 53 a factor of 180339187?
False
Is 177 a factor of 285828273?
True
Is 17078509 a multiple of 7?
True
Does 1279 divide 457715952?
False
Is 9 a factor of 1012845408?
False
Is 8208 a factor of 3208063968?
True
Is 50712846 a multiple of 22?
False
Is 31 a factor of 4349574?
False
Is 1894642826 a multiple of 36?
False
Is 180 a factor of 5771435?
False
Is 11058915 a multiple of 17?
False
Is 78 a factor of 23182770?
True
Does 142 divide 17264502?
True
Is 64 a factor of 734563598?
False
Is 538 a factor of 17261492?
False
Is 66696375 a multiple of 115?
False
Is 125 a factor of 3550076?
False
Does 356 divide 18312582?
False
Is 16745563 a multiple of 45?
False
Is 49050592 a multiple of 1155?
False
Does 844 divide 343710970?
False
Is 11 a factor of 205188170?
True
Is 2557980 a multiple of 15?
True
Is 5 a factor of 15810661?
False
Is 2628552 a multiple of 6?
True
Does 28 divide 2578246524?
True
Does 41 divide 1635120?
False
Is 312360206 a multiple of 68?
False
Is 3376 a factor of 6763572?
False
Does 592 divide 6010632?
False
Is 69191810 a multiple of 10?
True
Is 73522462 a multiple of 1417?
True
Is 1570323548 a multiple of 4?
True
Is 1736722150 a multiple of 1285?
False
Is 4 a factor of 73556009?
False
Is 4 a factor of 822189448?
True
Does 198 divide 246357421?
False
Does 5 divide 9988053?
False
Is 5890 a factor of 499019130?
False
Does 41 divide 892854163?
False
Does 1665 divide 493415713?
False
Is 304225012 a multiple of 12428?
True
Is 52 a factor of 44772832?
True
Is 127 a factor of 214051887?
False
Is 4 a factor of 15159716?
True
Is 230230071 a multiple of 67?
False
Is 260 a factor of 158648224?
False
Does 4253 divide 217216366?
False
Is 200993607 a multiple of 9?
True
Does 4 divide 12344726?
False
Is 3817992 a multiple of 1542?
True
Is 65043116 a multiple of 84?
False
Is 10 a factor of 1632670110?
True
Is 3835784266 a multiple of 138?
False
Does 480 divide 1029169226?
False
Is 719940873 a multiple of 1299?
True
Is 5059997 even?
False
Is 27 a factor of 19753737?
False
Is 3786 a factor of 881888451?
False
Is 363 a factor of 13622301?
True
Is 2418 a factor of 249620318?
False
Is 1242670397 a multiple of 5172?
False
Is 147138388 a multiple of 106?
True
Is 40407138 a multiple of 18?
True
Is 19 a factor of 1458377965?
True
Is 368915950 a multiple of 130?
True
Does 25 divide 163286346?
False
Is 133227236 a multiple of 194?
False
Does 8 divide 44965220?
False
Does 1896 divide 54708249?
False
Is 2529999 a multiple of 109?
True
Is 31600196 a multiple of 82?
False
Is 4456634 a multiple of 5?
False
Does 3021 divide 728750293?
False
Does 237 divide 9860148?
True
Does 682 divide 179690153?
False
Is 43 a factor of 54891401?
False
Does 1398 divide 183514062?
True
Does 667 divide 35105544?
True
Is 26063933 a multiple of 198?
False
Does 129 divide 56367659?
False
Does 12 divide 108748584?
True
Is 136 a factor of 159717584?
True
Is 168 a factor of 2806217845?
False
Is 696 a factor of 75198058?
False
Is 410 a factor of 7021612140?
False
Does 237 divide 2479216?
False
Does 7548 divide 513573320?
False
Is 52296246 a multiple of 1026?
True
Is 36 a factor of 790236297?
False
Is 34 a factor of 97535120?
True
Does 20 divide 157744284?
False
Does 40 divide 35704160?
True
Is 129 a factor of 1300225680?
False
Is 195416129 a multiple of 4006?
False
Is 2 a factor of 292331092?
True
Is 66 a factor of 71611056?
True
Is 5 a factor of 89472340?
True
Is 734 a factor of 646560386?
False
Is 84559916 a multiple of 11?
False
Does 29 divide 9731675?
True
Is 30 a factor of 5570062263?
False
Does 11 divide 1072178767?
True
Is 2240508424 a multiple of 154?
True
Does 55 divide 71438950?
True
Is 4633553700 a multiple of 108?
True
Is 3 a factor of 20277429?
True
Does 511 divide 149795562?
True
Is 5902 a factor of 666162866?
False
Is 1055817522 a multiple of 18?
True
Is 117420 a multiple of 15?
True
Is 1286659257 a multiple of 29?
False
Is 94 a factor of 24847020?
True
Does 295 divide 354423939?
False
Does 29 divide 472344822?
False
Is 6 a factor of 797229025?
False
Is 408166740 a multiple of 548?
False
Does 202 divide 206800934?
True
Does 62 divide 83110751?
False
Does 249 divide 113909532?
True
Does 16 divide 77179057?
False
Does 11 divide 1362237657?
True
Does 16 divide 1290503936?
True
Does 1784 divide 70919352?
True
Does 1301 divide 206380232?
True
Does 273 divide 840840?
True
Does 10 divide 248418218?
False
Is 5622 a factor of 271583929?
False
Is 38 a factor of 17296384?
True
Is 2334775475 a multiple of 5?
True
Does 11 divide 230946084?
False
Is 1000 a factor of 9884748?
False
Does 15 divide 15586335?
True
Is 21662527 a multiple of 19?
True
Is 17 a factor of 337886?
False
Does 2 divide 123189346?
True
Is 14 a factor of 3188076276?
True
Does 113 divide 427026167?
False
Does 55 divide 1026854565?
True
Is 8710 a factor of 1376819707?
False
Is 3 a factor of 80637459?
True
Is 6 a factor of 3176450997?
False
Is 1462421142 a multiple of 378?
True
Does 153 divide 4847193?
True
Does 745 divide 